{"id":2,"date":"2025-06-06T14:58:39","date_gmt":"2025-06-06T12:58:39","guid":{"rendered":"http:\/\/intercity.bensamoun.fr\/?page_id=2"},"modified":"2025-12-04T11:39:32","modified_gmt":"2025-12-04T10:39:32","slug":"index","status":"publish","type":"page","link":"https:\/\/intercityjazz.fr\/","title":{"rendered":"Accueil"},"content":{"rendered":"\n<div class=\"wp-block-columns is-layout-flex wp-container-core-columns-is-layout-28f84493 wp-block-columns-is-layout-flex\">\n<div class=\"wp-block-column is-layout-flow wp-block-column-is-layout-flow\" style=\"flex-basis:60%\">\n<figure class=\"wp-block-embed is-type-video is-provider-youtube wp-block-embed-youtube wp-embed-aspect-16-9 wp-has-aspect-ratio\"><div class=\"wp-block-embed__wrapper\">\n<iframe loading=\"lazy\" title=\"Teaser Intercity Jazz\" width=\"500\" height=\"281\" src=\"https:\/\/www.youtube.com\/embed\/l8_XfBdRn0s?feature=oembed\" frameborder=\"0\" allow=\"accelerometer; autoplay; clipboard-write; encrypted-media; gyroscope; picture-in-picture; web-share\" referrerpolicy=\"strict-origin-when-cross-origin\" allowfullscreen><\/iframe>\n<\/div><\/figure>\n\n\n\n<details class=\"wp-block-details is-layout-flow wp-block-details-is-layout-flow\"><summary>Apr\u00e8s <strong>plus de quatre d\u00e9cennies pass\u00e9es sur la sc\u00e8ne musicale<\/strong>, naviguant entre le <strong>jazz, le rock et le blues<\/strong>, ces musiciens ont uni leurs talents il y a trois ans pour cr\u00e9er InterCity, une formation d\u00e9di\u00e9e aux sonorit\u00e9s du <strong>jazz, du funk et du blues<\/strong>.<br><br>Reprises de : <em>Herbie Hancock, Jeff Lorber, Horace Silver, Lee Ritenour, Freddie Hubbard, Larry Carlton, Wes Montgomery &#8230;<\/em><\/summary>\n<p><\/p>\n<\/details>\n<\/div>\n\n\n\n<div class=\"wp-block-column is-layout-flow wp-block-column-is-layout-flow\">\n<figure class=\"wp-block-kadence-image kb-image2_e50bf4-66 size-large\"><img loading=\"lazy\" decoding=\"async\" width=\"828\" height=\"1024\" src=\"https:\/\/intercityjazz.fr\/wp-content\/uploads\/2025\/12\/WhatsApp-Image-2025-11-19-at-18.40.08-828x1024.jpeg\" alt=\"\" class=\"kb-img wp-image-307\" srcset=\"https:\/\/intercityjazz.fr\/wp-content\/uploads\/2025\/12\/WhatsApp-Image-2025-11-19-at-18.40.08-828x1024.jpeg 828w, https:\/\/intercityjazz.fr\/wp-content\/uploads\/2025\/12\/WhatsApp-Image-2025-11-19-at-18.40.08-243x300.jpeg 243w, https:\/\/intercityjazz.fr\/wp-content\/uploads\/2025\/12\/WhatsApp-Image-2025-11-19-at-18.40.08-768x950.jpeg 768w, https:\/\/intercityjazz.fr\/wp-content\/uploads\/2025\/12\/WhatsApp-Image-2025-11-19-at-18.40.08.jpeg 1080w\" sizes=\"auto, (max-width: 828px) 100vw, 828px\" \/><\/figure>\n<\/div>\n<\/div>\n\n\n\n<div class=\"wp-block-kadence-column kadence-column2_e77e7b-5e\"><div class=\"kt-inside-inner-col\">\n<div class=\"wp-block-columns is-layout-flex wp-container-core-columns-is-layout-28f84493 wp-block-columns-is-layout-flex\">\n<div class=\"wp-block-column is-layout-flow wp-block-column-is-layout-flow\"><\/div>\n<\/div>\n<\/div><\/div>\n\n\n<div class=\"kb-row-layout-wrap kb-row-layout-id2_f10e4f-c4 alignnone wp-block-kadence-rowlayout\"><div class=\"kt-row-column-wrap kt-has-1-columns kt-row-layout-equal kt-tab-layout-inherit kt-mobile-layout-row kt-row-valign-top\">\n\n<div class=\"wp-block-kadence-column kadence-column2_a65e0c-bb\"><div class=\"kt-inside-inner-col\">\n<p><\/p>\n\n\n<div class=\"kb-row-layout-wrap kb-row-layout-id2_9b5fe1-ea alignnone wp-block-kadence-rowlayout\"><div class=\"kt-row-column-wrap kt-has-4-columns kt-row-layout-equal kt-tab-layout-inherit kt-mobile-layout-row kt-row-valign-top\">\n\n<div class=\"wp-block-kadence-column kadence-column2_9075e0-62\"><div class=\"kt-inside-inner-col\">\n<figure class=\"wp-block-image aligncenter size-full is-style-default\"><img loading=\"lazy\" decoding=\"async\" width=\"175\" height=\"230\" src=\"https:\/\/intercityjazz.fr\/wp-content\/uploads\/2025\/06\/Calque-3.png\" alt=\"\" class=\"wp-image-157\"\/><figcaption class=\"wp-element-caption\"><mark style=\"background-color:rgba(0, 0, 0, 0);color:#ff6900\" class=\"has-inline-color\">Paul<\/mark><\/figcaption><\/figure>\n<\/div><\/div>\n\n\n\n<div class=\"wp-block-kadence-column kadence-column2_2530b0-ac\"><div class=\"kt-inside-inner-col\">\n<figure class=\"wp-block-image is-resized\"><img loading=\"lazy\" decoding=\"async\" width=\"185\" height=\"345\" src=\"https:\/\/intercityjazz.fr\/wp-content\/uploads\/2025\/06\/Calque-2.png\" alt=\"\" class=\"wp-image-160\" style=\"width:148px;height:auto\" srcset=\"https:\/\/intercityjazz.fr\/wp-content\/uploads\/2025\/06\/Calque-2.png 185w, https:\/\/intercityjazz.fr\/wp-content\/uploads\/2025\/06\/Calque-2-161x300.png 161w\" sizes=\"auto, (max-width: 185px) 100vw, 185px\" \/><figcaption class=\"wp-element-caption\">Michel<\/figcaption><\/figure>\n<\/div><\/div>\n\n\n\n<div class=\"wp-block-kadence-column kadence-column2_37d169-c9\"><div class=\"kt-inside-inner-col\">\n<figure class=\"wp-block-kadence-image kb-image2_9ab3bc-06 size-full\"><img loading=\"lazy\" decoding=\"async\" width=\"101\" height=\"253\" src=\"https:\/\/intercityjazz.fr\/wp-content\/uploads\/2025\/06\/Calque-1.png\" alt=\"\" class=\"kb-img wp-image-161\"\/><figcaption><mark style=\"background-color:rgba(0, 0, 0, 0);color:#00d084\" class=\"has-inline-color\">Ivan<\/mark><\/figcaption><\/figure>\n<\/div><\/div>\n\n\n\n<div class=\"wp-block-kadence-column kadence-column2_4f5e2e-24\"><div class=\"kt-inside-inner-col\">\n<figure class=\"wp-block-kadence-image kb-image2_42f23f-8c is-style-default\"><img loading=\"lazy\" decoding=\"async\" width=\"336\" height=\"336\" src=\"http:\/\/intercityjazz.fr\/wp-content\/uploads\/2025\/06\/Calque-4.png\" alt=\"\" class=\"kb-img wp-image-158\" srcset=\"https:\/\/intercityjazz.fr\/wp-content\/uploads\/2025\/06\/Calque-4.png 336w, https:\/\/intercityjazz.fr\/wp-content\/uploads\/2025\/06\/Calque-4-300x300.png 300w, https:\/\/intercityjazz.fr\/wp-content\/uploads\/2025\/06\/Calque-4-150x150.png 150w\" sizes=\"auto, (max-width: 336px) 100vw, 336px\" \/><figcaption><mark style=\"background-color:rgba(0, 0, 0, 0);color:#9b51e0\" class=\"has-inline-color\">Emmanuel<\/mark><\/figcaption><\/figure>\n<\/div><\/div>\n\n<\/div><\/div><\/div><\/div>\n\n\n\n<div class=\"wp-block-kadence-column kadence-column2_5e0d37-09\"><div class=\"kt-inside-inner-col\">\n<h2 class=\"kt-adv-heading2_14f9f2-80 wp-block-kadence-advancedheading\" data-kb-block=\"kb-adv-heading2_14f9f2-80\"><strong>3 musiciens<\/strong> Bordelais + un toulousain, d&rsquo;o\u00f9 le nom de cette formation. <strong>Intercity<\/strong><\/h2>\n<\/div><\/div>\n\n<\/div><\/div>\n\n\n<hr class=\"wp-block-separator alignfull has-alpha-channel-opacity\"\/>\n\n\n\n<div class=\"wp-block-columns alignfull are-vertically-aligned-center is-layout-flex wp-container-core-columns-is-layout-28f84493 wp-block-columns-is-layout-flex\">\n<div class=\"wp-block-column is-vertically-aligned-center is-layout-flow wp-block-column-is-layout-flow\" style=\"flex-basis:100%\"><div id=\"metaslider-id-198\" style=\"max-width: 600px; margin: 0 auto;\" class=\"ml-slider-3-103-0 metaslider metaslider-flex metaslider-198 ml-slider has-dots-nav ms-theme-cubic\" role=\"region\" aria-label=\"Nouveau diaporama\" data-height=\"300\" data-width=\"600\">\n    <div id=\"metaslider_container_198\">\n        <div id=\"metaslider_198\">\n            <ul class='slides'>\n                <li style=\"display: block; width: 100%;\" class=\"slide-199 ms-image \" aria-roledescription=\"slide\" data-date=\"2025-06-10 15:56:17\" data-slide-type=\"image\"><img loading=\"lazy\" decoding=\"async\" width=\"1000\" height=\"592\" src=\"https:\/\/intercityjazz.fr\/wp-content\/uploads\/2025\/06\/finnnn.png\" class=\"slider-198 slide-199 msDefaultImage\" alt=\"\" rel=\"\" title=\"finnnn\" srcset=\"https:\/\/intercityjazz.fr\/wp-content\/uploads\/2025\/06\/finnnn.png 1000w, https:\/\/intercityjazz.fr\/wp-content\/uploads\/2025\/06\/finnnn-300x178.png 300w, https:\/\/intercityjazz.fr\/wp-content\/uploads\/2025\/06\/finnnn-768x455.png 768w\" sizes=\"auto, (max-width: 1000px) 100vw, 1000px\" \/><\/li>\n                <li style=\"display: none; width: 100%;\" class=\"slide-200 ms-image \" aria-roledescription=\"slide\" data-date=\"2025-06-10 15:56:17\" data-slide-type=\"image\"><img loading=\"lazy\" decoding=\"async\" width=\"1000\" height=\"618\" src=\"https:\/\/intercityjazz.fr\/wp-content\/uploads\/2025\/06\/IMG_20241122_205627.jpg\" class=\"slider-198 slide-200 msDefaultImage\" alt=\"\" rel=\"\" title=\"IMG_20241122_205627\" srcset=\"https:\/\/intercityjazz.fr\/wp-content\/uploads\/2025\/06\/IMG_20241122_205627.jpg 1000w, https:\/\/intercityjazz.fr\/wp-content\/uploads\/2025\/06\/IMG_20241122_205627-300x185.jpg 300w, https:\/\/intercityjazz.fr\/wp-content\/uploads\/2025\/06\/IMG_20241122_205627-768x475.jpg 768w\" sizes=\"auto, (max-width: 1000px) 100vw, 1000px\" \/><\/li>\n                <li style=\"display: none; width: 100%;\" class=\"slide-203 ms-image \" aria-roledescription=\"slide\" data-date=\"2025-06-10 15:56:17\" data-slide-type=\"image\"><img loading=\"lazy\" decoding=\"async\" width=\"1000\" height=\"685\" src=\"https:\/\/intercityjazz.fr\/wp-content\/uploads\/2025\/06\/IMG_20241122_202909.jpg\" class=\"slider-198 slide-203 msDefaultImage\" alt=\"\" rel=\"\" title=\"IMG_20241122_202909\" srcset=\"https:\/\/intercityjazz.fr\/wp-content\/uploads\/2025\/06\/IMG_20241122_202909.jpg 1000w, https:\/\/intercityjazz.fr\/wp-content\/uploads\/2025\/06\/IMG_20241122_202909-300x206.jpg 300w, https:\/\/intercityjazz.fr\/wp-content\/uploads\/2025\/06\/IMG_20241122_202909-768x526.jpg 768w\" sizes=\"auto, (max-width: 1000px) 100vw, 1000px\" \/><\/li>\n                <li style=\"display: none; width: 100%;\" class=\"slide-204 ms-image \" aria-roledescription=\"slide\" data-date=\"2025-06-10 15:56:17\" data-slide-type=\"image\"><img loading=\"lazy\" decoding=\"async\" width=\"1000\" height=\"534\" src=\"https:\/\/intercityjazz.fr\/wp-content\/uploads\/2025\/06\/MVI_0956.MP4.00_21_58_09.Still001.jpg\" class=\"slider-198 slide-204 msDefaultImage\" alt=\"\" rel=\"\" title=\"MVI_0956.MP4.00_21_58_09.Still001\" srcset=\"https:\/\/intercityjazz.fr\/wp-content\/uploads\/2025\/06\/MVI_0956.MP4.00_21_58_09.Still001.jpg 1000w, https:\/\/intercityjazz.fr\/wp-content\/uploads\/2025\/06\/MVI_0956.MP4.00_21_58_09.Still001-300x160.jpg 300w, https:\/\/intercityjazz.fr\/wp-content\/uploads\/2025\/06\/MVI_0956.MP4.00_21_58_09.Still001-768x410.jpg 768w\" sizes=\"auto, (max-width: 1000px) 100vw, 1000px\" \/><\/li>\n                <li style=\"display: none; width: 100%;\" class=\"slide-208 ms-image \" aria-roledescription=\"slide\" data-date=\"2025-06-10 15:56:17\" data-slide-type=\"image\"><img loading=\"lazy\" decoding=\"async\" width=\"1000\" height=\"819\" src=\"https:\/\/intercityjazz.fr\/wp-content\/uploads\/2025\/06\/IMG_20241122_214320.jpg\" class=\"slider-198 slide-208 msDefaultImage\" alt=\"\" rel=\"\" title=\"IMG_20241122_214320\" srcset=\"https:\/\/intercityjazz.fr\/wp-content\/uploads\/2025\/06\/IMG_20241122_214320.jpg 1000w, https:\/\/intercityjazz.fr\/wp-content\/uploads\/2025\/06\/IMG_20241122_214320-300x246.jpg 300w, https:\/\/intercityjazz.fr\/wp-content\/uploads\/2025\/06\/IMG_20241122_214320-768x629.jpg 768w\" sizes=\"auto, (max-width: 1000px) 100vw, 1000px\" \/><\/li>\n                <li style=\"display: none; width: 100%;\" class=\"slide-209 ms-image \" aria-roledescription=\"slide\" data-date=\"2025-06-10 15:56:17\" data-slide-type=\"image\"><img loading=\"lazy\" decoding=\"async\" width=\"1000\" height=\"535\" src=\"https:\/\/intercityjazz.fr\/wp-content\/uploads\/2025\/06\/IMG_20241122_210942.jpg\" class=\"slider-198 slide-209 msDefaultImage\" alt=\"\" rel=\"\" title=\"IMG_20241122_210942\" srcset=\"https:\/\/intercityjazz.fr\/wp-content\/uploads\/2025\/06\/IMG_20241122_210942.jpg 1000w, https:\/\/intercityjazz.fr\/wp-content\/uploads\/2025\/06\/IMG_20241122_210942-300x161.jpg 300w, https:\/\/intercityjazz.fr\/wp-content\/uploads\/2025\/06\/IMG_20241122_210942-768x411.jpg 768w\" sizes=\"auto, (max-width: 1000px) 100vw, 1000px\" \/><\/li>\n                <li style=\"display: none; width: 100%;\" class=\"slide-308 ms-image \" aria-roledescription=\"slide\" data-date=\"2025-12-04 11:20:46\" data-slide-type=\"image\"><img loading=\"lazy\" decoding=\"async\" width=\"1000\" height=\"592\" src=\"https:\/\/intercityjazz.fr\/wp-content\/uploads\/2025\/06\/finnnn.png\" class=\"slider-198 slide-308 msDefaultImage\" alt=\"\" rel=\"\" title=\"finnnn\" srcset=\"https:\/\/intercityjazz.fr\/wp-content\/uploads\/2025\/06\/finnnn.png 1000w, https:\/\/intercityjazz.fr\/wp-content\/uploads\/2025\/06\/finnnn-300x178.png 300w, https:\/\/intercityjazz.fr\/wp-content\/uploads\/2025\/06\/finnnn-768x455.png 768w\" sizes=\"auto, (max-width: 1000px) 100vw, 1000px\" \/><\/li>\n            <\/ul>\n        <\/div>\n        \n    <\/div>\n<\/div>\n<\/div>\n<\/div>\n\n\n\n<hr class=\"wp-block-separator alignfull has-alpha-channel-opacity\"\/>\n","protected":false},"excerpt":{"rendered":"<p>3 musiciens Bordelais + un toulousain, d&rsquo;o\u00f9 le nom de cette formation. Intercity<\/p>\n","protected":false},"author":1,"featured_media":0,"parent":0,"menu_order":0,"comment_status":"closed","ping_status":"closed","template":"blank","meta":{"footnotes":""},"class_list":["post-2","page","type-page","status-publish","hentry"],"_links":{"self":[{"href":"https:\/\/intercityjazz.fr\/index.php\/wp-json\/wp\/v2\/pages\/2","targetHints":{"allow":["GET"]}}],"collection":[{"href":"https:\/\/intercityjazz.fr\/index.php\/wp-json\/wp\/v2\/pages"}],"about":[{"href":"https:\/\/intercityjazz.fr\/index.php\/wp-json\/wp\/v2\/types\/page"}],"author":[{"embeddable":true,"href":"https:\/\/intercityjazz.fr\/index.php\/wp-json\/wp\/v2\/users\/1"}],"replies":[{"embeddable":true,"href":"https:\/\/intercityjazz.fr\/index.php\/wp-json\/wp\/v2\/comments?post=2"}],"version-history":[{"count":80,"href":"https:\/\/intercityjazz.fr\/index.php\/wp-json\/wp\/v2\/pages\/2\/revisions"}],"predecessor-version":[{"id":319,"href":"https:\/\/intercityjazz.fr\/index.php\/wp-json\/wp\/v2\/pages\/2\/revisions\/319"}],"wp:attachment":[{"href":"https:\/\/intercityjazz.fr\/index.php\/wp-json\/wp\/v2\/media?parent=2"}],"curies":[{"name":"wp","href":"https:\/\/api.w.org\/{rel}","templated":true}]}}